{"id":373,"date":"2016-12-03T17:59:50","date_gmt":"2016-12-03T17:59:50","guid":{"rendered":"http:\/\/fastitut.de\/?page_id=373"},"modified":"2017-03-05T11:52:59","modified_gmt":"2017-03-05T11:52:59","slug":"faszien","status":"publish","type":"page","link":"https:\/\/wohlbehandelt.de\/?page_id=373","title":{"rendered":"Faszien"},"content":{"rendered":"<p>[et_pb_section admin_label=&#8220;Sektion&#8220; fullwidth=&#8220;off&#8220; specialty=&#8220;off&#8220; transparent_background=&#8220;off&#8220; background_color=&#8220;#ffffff&#8220; allow_player_pause=&#8220;off&#8220; inner_shadow=&#8220;off&#8220; parallax=&#8220;off&#8220; parallax_method=&#8220;off&#8220; padding_mobile=&#8220;off&#8220; make_fullwidth=&#8220;off&#8220; use_custom_width=&#8220;off&#8220; width_unit=&#8220;on&#8220; make_equal=&#8220;off&#8220; use_custom_gutter=&#8220;off&#8220;][et_pb_row admin_label=&#8220;Zeile&#8220;][et_pb_column type=&#8220;1_2&#8243;][et_pb_image admin_label=&#8220;Bild&#8220; src=&#8220;https:\/\/wohlbehandelt.de\/wp-content\/uploads\/2017\/03\/Faszien_1.png&#8220; title_text=&#8220;Faszien geben Form&#8220; show_in_lightbox=&#8220;off&#8220; url_new_window=&#8220;off&#8220; use_overlay=&#8220;off&#8220; animation=&#8220;left&#8220; sticky=&#8220;off&#8220; align=&#8220;left&#8220; force_fullwidth=&#8220;off&#8220; always_center_on_mobile=&#8220;on&#8220; use_border_color=&#8220;off&#8220; border_color=&#8220;#ffffff&#8220; border_style=&#8220;solid&#8220;] [\/et_pb_image][\/et_pb_column][et_pb_column type=&#8220;1_2&#8243;][et_pb_blurb admin_label=&#8220;Informationstext&#8220; title=&#8220;Faszien formen unseren K\u00f6rper !&#8220; url_new_window=&#8220;off&#8220; use_icon=&#8220;off&#8220; icon_color=&#8220;#9ad6d1&#8243; use_circle=&#8220;off&#8220; circle_color=&#8220;#9ad6d1&#8243; use_circle_border=&#8220;off&#8220; circle_border_color=&#8220;#9ad6d1&#8243; icon_placement=&#8220;top&#8220; animation=&#8220;top&#8220; background_layout=&#8220;light&#8220; text_orientation=&#8220;left&#8220; use_icon_font_size=&#8220;off&#8220; use_border_color=&#8220;off&#8220; border_color=&#8220;#ffffff&#8220; border_style=&#8220;solid&#8220; header_font_size=&#8220;23&#8243;]<\/p>\n<p style=\"text-align: justify;\">Dr. Ida Rolf beschreibt die Faszien als &#8222;Organ der Form&#8220;.\u00a0Die Faszie ist eine Bindegewebeschicht, die Muskeln und Organe wie eine Schutzfolie umschlie\u00dft, Faszien sind ein Geflecht das\u00a0sich durch unseren gesamten K\u00f6rper zieht. Gemeinsam mit unseren Knochen und Muskeln formen die Faszien unseren K\u00f6rper.<\/p>\n<p style=\"text-align: justify;\">F\u00fcr Muskeln, Knochen und Organe haben Faszien\u00a0eine sch\u00fctzende Funktion. Faszien bestehen zum gr\u00f6\u00dften Teil aus Wasser, Kollagefasern und Elastin, sie besitzen gleitf\u00e4hige und elastische Merkmale\u00a0und umh\u00fcllen Muskelfasern und Knochen. Diese Gleitf\u00e4higkeit sorgt daf\u00fcr, dass die\u00a0Muskeln geschmeidig bewegt werden k\u00f6nnen.\u00a0Ohne Faszien w\u00fcrde\u00a0der K\u00f6rper\u00a0in sich zusammenfallen, da erst die Faszien die Verbindung zwischen Knochen und Muskeln bilden.<\/p>\n<p>Zugleich trennen Faszien\u00a0die Muskeln, sodass diese bei Bewegungen nicht aneinander reiben. Faszien sch\u00fctzen daher auch vor Verletzungen.<\/p>\n<p style=\"text-align: justify;\">Faszien kommen in allen K\u00f6rperschichten vor, obere Faszien\u00a0befinden sich im Unterhautgewebe in den meisten Teilen des K\u00f6rpers und vermischen sich mit den darunter liegenden Muskeln.\u00a0Tiefe Faszien sind die dichten faserreichen Bindegewebs-Schichten und -Str\u00e4nge, welche die Muskeln, Knochen, Nervenbahnen und Blutgef\u00e4\u00dfe des K\u00f6rpers durchdringen und umschlie\u00dfen. Je nach lokalen Belastungsverh\u00e4ltnissen verdichtet und organisiert sich dieses Gewebenetzwerk als Sehnenplatten, gro\u00dfe fl\u00e4chenhafte Faszien, als\u00a0B\u00e4nder, Fesseln, Gelenkkapseln oder als Muskelh\u00fclle.<\/p>\n<p>[\/et_pb_blurb][\/et_pb_column][\/et_pb_row][\/et_pb_section][et_pb_section admin_label=&#8220;Sektion&#8220; fullwidth=&#8220;off&#8220; specialty=&#8220;off&#8220; transparent_background=&#8220;off&#8220; background_color=&#8220;#ffffcc&#8220; allow_player_pause=&#8220;off&#8220; inner_shadow=&#8220;off&#8220; parallax=&#8220;off&#8220; parallax_method=&#8220;off&#8220; padding_mobile=&#8220;off&#8220; make_fullwidth=&#8220;off&#8220; use_custom_width=&#8220;off&#8220; width_unit=&#8220;on&#8220; make_equal=&#8220;off&#8220; use_custom_gutter=&#8220;off&#8220;][et_pb_row admin_label=&#8220;Zeile&#8220;][et_pb_column type=&#8220;1_2&#8243;][et_pb_blurb admin_label=&#8220;Informationstext&#8220; title=&#8220;Woher dann die Schmerzen ?&#8220; url_new_window=&#8220;off&#8220; use_icon=&#8220;off&#8220; icon_color=&#8220;#9ad6d1&#8243; use_circle=&#8220;off&#8220; circle_color=&#8220;#9ad6d1&#8243; use_circle_border=&#8220;off&#8220; circle_border_color=&#8220;#9ad6d1&#8243; icon_placement=&#8220;top&#8220; animation=&#8220;top&#8220; background_layout=&#8220;light&#8220; text_orientation=&#8220;left&#8220; use_icon_font_size=&#8220;off&#8220; use_border_color=&#8220;off&#8220; border_color=&#8220;#ffffff&#8220; border_style=&#8220;solid&#8220; header_font_size=&#8220;24&#8243;]<\/p>\n<p style=\"text-align: justify;\">H\u00e4ufiger Ausl\u00f6ser von Schmerzen sind verklebte bzw. in ihrer Bewegung blockierte Faszien. Durch unbewegliche Faszien entsteht Spannung im Gewebe, dies l\u00f6st einen Schmerzimpuls aus\u00a0\u2013 von Gelenkschmerzen \u00fcber Nacken-, Schulter-, R\u00fccken- oder Bauchschmerzen bis hin zu undefinierbaren Schmerzen. Auch\u00a0k\u00f6nnen die Nerven, die durch diesen Gewebebereich f\u00fchren, gequetscht werden, was zu empfindlichen Schmerzen f\u00fchren kann.\u00a0Dabei handelt es sich m\u00f6glicherweise\u00a0auch um Schmerzen, deren Ursache auf einem R\u00f6ntgenbild nicht auszumachen ist, so dass bei undefinierbaren Schmerzen immer auch an die Faszien zu denken ist.<\/p>\n<p style=\"text-align: justify;\">Ursache f\u00fcr blockierte Faszien sind h\u00e4ufig\u00a0zu wenig Bewegung bzw. ein st\u00e4ndiges Verweilen in einer Position (z.B. Schreibtischarbeit), Gewebesch\u00e4den (z.B. durch Unfall), Operation oder auch Haltungssch\u00e4den.\u00a0Das vormals ausgeglichene Verh\u00e4ltnis zwischen faserigen und w\u00e4ssrigen Anteilen verschiebt sich.\u00a0Mit der Ver\u00e4nderung der Fl\u00fcssigkeitsanteile ver\u00e4ndert sich leider auch die r\u00e4umliche Struktur der Faszien.\u00a0Statt der normalerweise rautenf\u00f6rmigen Anordnung sehen die Fasern wie ein verknotetes Wollkn\u00e4uel aus. Sie wachsen ineinander, verfilzen und beginnen an allen Ecken und Enden miteinander zu verkleben.<\/p>\n<p style=\"text-align: justify;\">Dies hat zwangsl\u00e4ufig zur Folge, dass die Bewegungsm\u00f6glichkeit der Muskeln zunehmend eingeschr\u00e4nkt wird. Verh\u00e4rtet sich das Fasziengewebe schliesslich, wird das Beugen oder Strecken immer schmerzhafter.<\/p>\n<p>[\/et_pb_blurb][\/et_pb_column][et_pb_column type=&#8220;1_2&#8243;][et_pb_image admin_label=&#8220;Bild&#8220; src=&#8220;https:\/\/wohlbehandelt.de\/wp-content\/uploads\/2017\/03\/Schmerzen.png&#8220; title_text=&#8220;Blockierte Faszien&#8220; show_in_lightbox=&#8220;off&#8220; url_new_window=&#8220;off&#8220; use_overlay=&#8220;off&#8220; animation=&#8220;right&#8220; sticky=&#8220;off&#8220; align=&#8220;left&#8220; force_fullwidth=&#8220;off&#8220; always_center_on_mobile=&#8220;on&#8220; use_border_color=&#8220;off&#8220; border_color=&#8220;#ffffff&#8220; border_style=&#8220;solid&#8220;] [\/et_pb_image][\/et_pb_column][\/et_pb_row][\/et_pb_section][et_pb_section admin_label=&#8220;Sektion&#8220; fullwidth=&#8220;off&#8220; specialty=&#8220;off&#8220; transparent_background=&#8220;off&#8220; background_color=&#8220;#ffffff&#8220; allow_player_pause=&#8220;off&#8220; inner_shadow=&#8220;off&#8220; parallax=&#8220;off&#8220; parallax_method=&#8220;off&#8220; padding_mobile=&#8220;off&#8220; make_fullwidth=&#8220;off&#8220; use_custom_width=&#8220;off&#8220; width_unit=&#8220;on&#8220; make_equal=&#8220;off&#8220; use_custom_gutter=&#8220;off&#8220;][et_pb_row admin_label=&#8220;Zeile&#8220;][et_pb_column type=&#8220;1_2&#8243;][et_pb_image admin_label=&#8220;Bild&#8220; src=&#8220;https:\/\/wohlbehandelt.de\/wp-content\/uploads\/2017\/03\/Faszien_3.png&#8220; title_text=&#8220;Faszien geben Form&#8220; show_in_lightbox=&#8220;off&#8220; url_new_window=&#8220;off&#8220; use_overlay=&#8220;off&#8220; animation=&#8220;left&#8220; sticky=&#8220;off&#8220; align=&#8220;left&#8220; force_fullwidth=&#8220;off&#8220; always_center_on_mobile=&#8220;on&#8220; use_border_color=&#8220;off&#8220; border_color=&#8220;#ffffff&#8220; border_style=&#8220;solid&#8220;] [\/et_pb_image][\/et_pb_column][et_pb_column type=&#8220;1_2&#8243;][et_pb_blurb admin_label=&#8220;Informationstext&#8220; title=&#8220;Faszien st\u00e4rken !&#8220; url_new_window=&#8220;off&#8220; use_icon=&#8220;off&#8220; icon_color=&#8220;#9ad6d1&#8243; use_circle=&#8220;off&#8220; circle_color=&#8220;#9ad6d1&#8243; use_circle_border=&#8220;off&#8220; circle_border_color=&#8220;#9ad6d1&#8243; icon_placement=&#8220;top&#8220; animation=&#8220;top&#8220; background_layout=&#8220;light&#8220; text_orientation=&#8220;left&#8220; use_icon_font_size=&#8220;off&#8220; use_border_color=&#8220;off&#8220; border_color=&#8220;#ffffff&#8220; border_style=&#8220;solid&#8220; header_font_size=&#8220;24&#8243;]<\/p>\n<p style=\"text-align: justify;\">F\u00fcr die Erhaltung einer stabilen und gleichzeitig geschmeidigen Struktur sind die Faszien auf ausreichende Bewegung angewiesen. \u00dcber die Bewegung erfolgt die Versorgung des Gewebes mit Fl\u00fcssigkeiten und Nahrung, Bewegung regt die regeneration der Faszien an und st\u00e4rkt die Strukturen.<\/p>\n<p style=\"text-align: justify;\">Sehr hilfreich ist hierbei regelm\u00e4\u00dfige Bewegung, z.B. Wandern, Spazierengehen und\u00a0der t\u00e4glich Gang &#8222;um den Block&#8220;. Dies ist vorteilhafter gegen\u00fcber anstrengenden, nur gelegentlich ausgef\u00fchrtem Sport, der dann wom\u00f6glich zu \u00dcberanstrengung und \u00dcberlastung des Gewebes f\u00fchrt (z.B. Muskelkater).<\/p>\n<p style=\"text-align: justify;\">St\u00e4rken sie Ihre Faszien auch durch weiche, dynamische \u00dcbungen, z.B. beim Yoga, Pilates oder TaiChi. Achten Sie hierbei jedoch auf spezielle Faszien-\u00dcbungen, nicht alle Workouts sind f\u00f6rderlich !<\/p>\n<p style=\"text-align: justify;\">Und \u00fcber allem steht die Unterst\u00fctzung der Faszien durch ausreichendes Trinken damit das Gewebe mit Fl\u00fcssigkeit versorgt wird !<\/p>\n<p>[\/et_pb_blurb][\/et_pb_column][\/et_pb_row][et_pb_row admin_label=&#8220;Zeile&#8220;][et_pb_column type=&#8220;1_2&#8243;][\/et_pb_column][et_pb_column type=&#8220;1_2&#8243;][et_pb_button admin_label=&#8220;Taste Kontakt&#8220; saved_tabs=&#8220;all&#8220; url_new_window=&#8220;off&#8220; button_text=&#8220;Kontakt und Termine&#8220; button_alignment=&#8220;center&#8220; background_layout=&#8220;light&#8220; custom_button=&#8220;off&#8220; button_letter_spacing=&#8220;0&#8243; button_use_icon=&#8220;default&#8220; button_icon_placement=&#8220;right&#8220; button_on_hover=&#8220;on&#8220; button_letter_spacing_hover=&#8220;0&#8243; button_url=&#8220;https:\/\/wohlbehandelt.de\/?page_id=334&#8243;] [\/et_pb_button][\/et_pb_column][\/et_pb_row][\/et_pb_section]<\/p>\n","protected":false},"excerpt":{"rendered":"<p>Dr. Ida Rolf beschreibt die Faszien als &#8222;Organ der Form&#8220;.\u00a0Die Faszie ist eine Bindegewebeschicht, die Muskeln und Organe wie eine Schutzfolie umschlie\u00dft, Faszien sind ein Geflecht das\u00a0sich durch unseren gesamten K\u00f6rper zieht. Gemeinsam mit unseren Knochen und Muskeln formen die Faszien unseren K\u00f6rper. F\u00fcr Muskeln, Knochen und Organe haben Faszien\u00a0eine sch\u00fctzende Funktion. Faszien bestehen zum [&hellip;]<\/p>\n","protected":false},"author":1,"featured_media":0,"parent":0,"menu_order":0,"comment_status":"closed","ping_status":"closed","template":"","meta":{"_et_pb_use_builder":"on","_et_pb_old_content":"","_et_gb_content_width":"","footnotes":""},"class_list":["post-373","page","type-page","status-publish","hentry"],"_links":{"self":[{"href":"https:\/\/wohlbehandelt.de\/index.php?rest_route=\/wp\/v2\/pages\/373","targetHints":{"allow":["GET"]}}],"collection":[{"href":"https:\/\/wohlbehandelt.de\/index.php?rest_route=\/wp\/v2\/pages"}],"about":[{"href":"https:\/\/wohlbehandelt.de\/index.php?rest_route=\/wp\/v2\/types\/page"}],"author":[{"embeddable":true,"href":"https:\/\/wohlbehandelt.de\/index.php?rest_route=\/wp\/v2\/users\/1"}],"replies":[{"embeddable":true,"href":"https:\/\/wohlbehandelt.de\/index.php?rest_route=%2Fwp%2Fv2%2Fcomments&post=373"}],"version-history":[{"count":2,"href":"https:\/\/wohlbehandelt.de\/index.php?rest_route=\/wp\/v2\/pages\/373\/revisions"}],"predecessor-version":[{"id":752,"href":"https:\/\/wohlbehandelt.de\/index.php?rest_route=\/wp\/v2\/pages\/373\/revisions\/752"}],"wp:attachment":[{"href":"https:\/\/wohlbehandelt.de\/index.php?rest_route=%2Fwp%2Fv2%2Fmedia&parent=373"}],"curies":[{"name":"wp","href":"https:\/\/api.w.org\/{rel}","templated":true}]}}